{"id":20,"date":"2020-08-03T16:41:10","date_gmt":"2020-08-03T19:41:10","guid":{"rendered":"https:\/\/tbweb.com.br\/job\/verticemall\/?page_id=20"},"modified":"2020-11-06T08:20:29","modified_gmt":"2020-11-06T11:20:29","slug":"eventos","status":"publish","type":"page","link":"https:\/\/tbweb.com.br\/job\/verticemall\/eventos\/","title":{"rendered":"Eventos"},"content":{"rendered":"\t\t<div data-elementor-type=\"wp-page\" data-elementor-id=\"20\" class=\"elementor elementor-20\" data-elementor-post-type=\"page\">\n\t\t\t\t\t\t<section class=\"elementor-section elementor-top-section elementor-element elementor-element-16ff386 elementor-section-height-min-height elementor-section-stretched elementor-section-boxed elementor-section-height-default elementor-section-items-middle\" data-id=\"16ff386\" data-element_type=\"section\" data-settings=\"{&quot;background_background&quot;:&quot;classic&quot;,&quot;stretch_section&quot;:&quot;section-stretched&quot;}\">\n\t\t\t\t\t\t\t<div class=\"elementor-background-overlay\"><\/div>\n\t\t\t\t\t\t\t<div class=\"elementor-container elementor-column-gap-default\">\n\t\t\t\t\t<div class=\"elementor-column elementor-col-100 elementor-top-column elementor-element elementor-element-02b9a4b\" data-id=\"02b9a4b\" data-element_type=\"column\">\n\t\t\t<div class=\"elementor-widget-wrap elementor-element-populated\">\n\t\t\t\t\t\t<div class=\"elementor-element elementor-element-8435132 elementor-widget elementor-widget-heading\" data-id=\"8435132\" data-element_type=\"widget\" data-widget_type=\"heading.default\">\n\t\t\t\t<div class=\"elementor-widget-container\">\n\t\t\t\t\t<h1 class=\"elementor-heading-title elementor-size-default\">eventos<\/h1>\t\t\t\t<\/div>\n\t\t\t\t<\/div>\n\t\t\t\t<div class=\"elementor-element elementor-element-4d53a19 elementor-widget-divider--view-line elementor-widget elementor-widget-divider\" data-id=\"4d53a19\" data-element_type=\"widget\" data-widget_type=\"divider.default\">\n\t\t\t\t<div class=\"elementor-widget-container\">\n\t\t\t\t\t\t\t<div class=\"elementor-divider\">\n\t\t\t<span class=\"elementor-divider-separator\">\n\t\t\t\t\t\t<\/span>\n\t\t<\/div>\n\t\t\t\t\t\t<\/div>\n\t\t\t\t<\/div>\n\t\t\t\t<div class=\"elementor-element elementor-element-6a96b74 elementor-widget elementor-widget-text-editor\" data-id=\"6a96b74\" data-element_type=\"widget\" data-widget_type=\"text-editor.default\">\n\t\t\t\t<div class=\"elementor-widget-container\">\n\t\t\t\t\t\t\t\t\t<p>Aqui voc\u00ea encontra os eventos para voc\u00ea e sua fam\u00edlia se divertirem.<br \/>Confira nossa programa\u00e7\u00e3o!<\/p>\t\t\t\t\t\t\t\t<\/div>\n\t\t\t\t<\/div>\n\t\t\t\t\t<\/div>\n\t\t<\/div>\n\t\t\t\t\t<\/div>\n\t\t<\/section>\n\t\t\t\t<section class=\"elementor-section elementor-top-section elementor-element elementor-element-5631ef7 elementor-section-boxed elementor-section-height-default elementor-section-height-default\" data-id=\"5631ef7\" data-element_type=\"section\">\n\t\t\t\t\t\t<div class=\"elementor-container elementor-column-gap-default\">\n\t\t\t\t\t<div class=\"elementor-column elementor-col-100 elementor-top-column elementor-element elementor-element-fdc4ddb\" data-id=\"fdc4ddb\" data-element_type=\"column\">\n\t\t\t<div class=\"elementor-widget-wrap elementor-element-populated\">\n\t\t\t\t\t\t<div class=\"elementor-element elementor-element-cbfb89a elementor-grid-3 elementor-grid-tablet-2 elementor-grid-mobile-1 elementor-posts--thumbnail-top elementor-card-shadow-yes elementor-posts__hover-gradient elementor-widget elementor-widget-posts\" data-id=\"cbfb89a\" data-element_type=\"widget\" data-settings=\"{&quot;cards_masonry&quot;:&quot;yes&quot;,&quot;cards_columns&quot;:&quot;3&quot;,&quot;cards_columns_tablet&quot;:&quot;2&quot;,&quot;cards_columns_mobile&quot;:&quot;1&quot;,&quot;cards_row_gap&quot;:{&quot;unit&quot;:&quot;px&quot;,&quot;size&quot;:35,&quot;sizes&quot;:[]},&quot;cards_row_gap_tablet&quot;:{&quot;unit&quot;:&quot;px&quot;,&quot;size&quot;:&quot;&quot;,&quot;sizes&quot;:[]},&quot;cards_row_gap_mobile&quot;:{&quot;unit&quot;:&quot;px&quot;,&quot;size&quot;:&quot;&quot;,&quot;sizes&quot;:[]}}\" data-widget_type=\"posts.cards\">\n\t\t\t\t<div class=\"elementor-widget-container\">\n\t\t\t\t\t\t\t<div class=\"elementor-posts-container elementor-posts elementor-posts--skin-cards elementor-grid\" role=\"list\">\n\t\t\t\t<article class=\"elementor-post elementor-grid-item post-1353 post type-post status-publish format-standard has-post-thumbnail hentry category-eventos tag-maquina-do-som tag-show tag-show-na-praca\" role=\"listitem\">\n\t\t\t<div class=\"elementor-post__card\">\n\t\t\t\t<a class=\"elementor-post__thumbnail__link\" href=\"https:\/\/tbweb.com.br\/job\/verticemall\/2020\/11\/11\/show-na-praca-maquina-do-som\/\" tabindex=\"-1\" ><div class=\"elementor-post__thumbnail\"><img fetchpriority=\"high\" decoding=\"async\" width=\"300\" height=\"300\" src=\"https:\/\/tbweb.com.br\/job\/verticemall\/wp-content\/uploads\/2020\/11\/Maquina-do-som-300x300.jpg\" class=\"attachment-medium size-medium wp-image-1354\" alt=\"\" srcset=\"https:\/\/tbweb.com.br\/job\/verticemall\/wp-content\/uploads\/2020\/11\/Maquina-do-som-300x300.jpg 300w, https:\/\/tbweb.com.br\/job\/verticemall\/wp-content\/uploads\/2020\/11\/Maquina-do-som-1024x1024.jpg 1024w, https:\/\/tbweb.com.br\/job\/verticemall\/wp-content\/uploads\/2020\/11\/Maquina-do-som-150x150.jpg 150w, https:\/\/tbweb.com.br\/job\/verticemall\/wp-content\/uploads\/2020\/11\/Maquina-do-som-768x768.jpg 768w, https:\/\/tbweb.com.br\/job\/verticemall\/wp-content\/uploads\/2020\/11\/Maquina-do-som.jpg 1080w\" sizes=\"(max-width: 300px) 100vw, 300px\" \/><\/div><\/a>\n\t\t\t\t<div class=\"elementor-post__text\">\n\t\t\t\t<h3 class=\"elementor-post__title\">\n\t\t\t<a href=\"https:\/\/tbweb.com.br\/job\/verticemall\/2020\/11\/11\/show-na-praca-maquina-do-som\/\" >\n\t\t\t\tShow na Pra\u00e7a: M\u00e1quina do Som\t\t\t<\/a>\n\t\t<\/h3>\n\t\t\t\t<\/div>\n\t\t\t\t\t<\/div>\n\t\t<\/article>\n\t\t\t\t<article class=\"elementor-post elementor-grid-item post-1058 post type-post status-publish format-standard has-post-thumbnail hentry category-eventos tag-classic tag-jane-soren tag-rock tag-rock-classico tag-show-na-praca tag-violino\" role=\"listitem\">\n\t\t\t<div class=\"elementor-post__card\">\n\t\t\t\t<a class=\"elementor-post__thumbnail__link\" href=\"https:\/\/tbweb.com.br\/job\/verticemall\/2020\/11\/06\/show-na-praca-jane-soren\/\" tabindex=\"-1\" ><div class=\"elementor-post__thumbnail\"><img decoding=\"async\" width=\"300\" height=\"300\" src=\"https:\/\/tbweb.com.br\/job\/verticemall\/wp-content\/uploads\/2020\/11\/Jane-Soren-300x300.jpg\" class=\"attachment-medium size-medium wp-image-1059\" alt=\"\" srcset=\"https:\/\/tbweb.com.br\/job\/verticemall\/wp-content\/uploads\/2020\/11\/Jane-Soren-300x300.jpg 300w, https:\/\/tbweb.com.br\/job\/verticemall\/wp-content\/uploads\/2020\/11\/Jane-Soren-150x150.jpg 150w, https:\/\/tbweb.com.br\/job\/verticemall\/wp-content\/uploads\/2020\/11\/Jane-Soren-768x768.jpg 768w, https:\/\/tbweb.com.br\/job\/verticemall\/wp-content\/uploads\/2020\/11\/Jane-Soren.jpg 800w\" sizes=\"(max-width: 300px) 100vw, 300px\" \/><\/div><\/a>\n\t\t\t\t<div class=\"elementor-post__text\">\n\t\t\t\t<h3 class=\"elementor-post__title\">\n\t\t\t<a href=\"https:\/\/tbweb.com.br\/job\/verticemall\/2020\/11\/06\/show-na-praca-jane-soren\/\" >\n\t\t\t\tShow na Pra\u00e7a: Jane Soren\t\t\t<\/a>\n\t\t<\/h3>\n\t\t\t\t<\/div>\n\t\t\t\t\t<\/div>\n\t\t<\/article>\n\t\t\t\t<article class=\"elementor-post elementor-grid-item post-1055 post type-post status-publish format-standard has-post-thumbnail hentry category-eventos tag-five-minutes-of-rain tag-halloween tag-pop-rock tag-rock tag-rock-pop tag-show-na-praca tag-show-rock\" role=\"listitem\">\n\t\t\t<div class=\"elementor-post__card\">\n\t\t\t\t<a class=\"elementor-post__thumbnail__link\" href=\"https:\/\/tbweb.com.br\/job\/verticemall\/2020\/10\/31\/halloween-five-minutes-of-rain\/\" tabindex=\"-1\" ><div class=\"elementor-post__thumbnail\"><img decoding=\"async\" width=\"300\" height=\"300\" src=\"https:\/\/tbweb.com.br\/job\/verticemall\/wp-content\/uploads\/2020\/11\/five-minutes-300x300.jpg\" class=\"attachment-medium size-medium wp-image-1056\" alt=\"\" srcset=\"https:\/\/tbweb.com.br\/job\/verticemall\/wp-content\/uploads\/2020\/11\/five-minutes-300x300.jpg 300w, https:\/\/tbweb.com.br\/job\/verticemall\/wp-content\/uploads\/2020\/11\/five-minutes-150x150.jpg 150w, https:\/\/tbweb.com.br\/job\/verticemall\/wp-content\/uploads\/2020\/11\/five-minutes-768x768.jpg 768w, https:\/\/tbweb.com.br\/job\/verticemall\/wp-content\/uploads\/2020\/11\/five-minutes.jpg 800w\" sizes=\"(max-width: 300px) 100vw, 300px\" \/><\/div><\/a>\n\t\t\t\t<div class=\"elementor-post__text\">\n\t\t\t\t<h3 class=\"elementor-post__title\">\n\t\t\t<a href=\"https:\/\/tbweb.com.br\/job\/verticemall\/2020\/10\/31\/halloween-five-minutes-of-rain\/\" >\n\t\t\t\tHalloween: Five Minutes Of Rain\t\t\t<\/a>\n\t\t<\/h3>\n\t\t\t\t<\/div>\n\t\t\t\t\t<\/div>\n\t\t<\/article>\n\t\t\t\t<article class=\"elementor-post elementor-grid-item post-1052 post type-post status-publish format-standard has-post-thumbnail hentry category-eventos tag-sertanejo tag-sertanejo-universitario tag-show-na-praca tag-show-sertanejo tag-tay-cristelo\" role=\"listitem\">\n\t\t\t<div class=\"elementor-post__card\">\n\t\t\t\t<a class=\"elementor-post__thumbnail__link\" href=\"https:\/\/tbweb.com.br\/job\/verticemall\/2020\/10\/17\/show-na-praca-tay-cristelo\/\" tabindex=\"-1\" ><div class=\"elementor-post__thumbnail\"><img loading=\"lazy\" decoding=\"async\" width=\"300\" height=\"300\" src=\"https:\/\/tbweb.com.br\/job\/verticemall\/wp-content\/uploads\/2020\/11\/tay-17-10-300x300.jpg\" class=\"attachment-medium size-medium wp-image-1053\" alt=\"\" srcset=\"https:\/\/tbweb.com.br\/job\/verticemall\/wp-content\/uploads\/2020\/11\/tay-17-10-300x300.jpg 300w, https:\/\/tbweb.com.br\/job\/verticemall\/wp-content\/uploads\/2020\/11\/tay-17-10-150x150.jpg 150w, https:\/\/tbweb.com.br\/job\/verticemall\/wp-content\/uploads\/2020\/11\/tay-17-10-768x768.jpg 768w, https:\/\/tbweb.com.br\/job\/verticemall\/wp-content\/uploads\/2020\/11\/tay-17-10.jpg 800w\" sizes=\"(max-width: 300px) 100vw, 300px\" \/><\/div><\/a>\n\t\t\t\t<div class=\"elementor-post__text\">\n\t\t\t\t<h3 class=\"elementor-post__title\">\n\t\t\t<a href=\"https:\/\/tbweb.com.br\/job\/verticemall\/2020\/10\/17\/show-na-praca-tay-cristelo\/\" >\n\t\t\t\tShow na Pra\u00e7a: Tay Cristelo\t\t\t<\/a>\n\t\t<\/h3>\n\t\t\t\t<\/div>\n\t\t\t\t\t<\/div>\n\t\t<\/article>\n\t\t\t\t<article class=\"elementor-post elementor-grid-item post-1049 post type-post status-publish format-standard has-post-thumbnail hentry category-eventos tag-rita-moreira tag-rita-moreira-cantora tag-sertanejo tag-sertanejo-universitario tag-show-na-praca tag-show-sertanejo\" role=\"listitem\">\n\t\t\t<div class=\"elementor-post__card\">\n\t\t\t\t<a class=\"elementor-post__thumbnail__link\" href=\"https:\/\/tbweb.com.br\/job\/verticemall\/2020\/10\/10\/o-retorno-rita-moreira\/\" tabindex=\"-1\" ><div class=\"elementor-post__thumbnail\"><img loading=\"lazy\" decoding=\"async\" width=\"300\" height=\"300\" src=\"https:\/\/tbweb.com.br\/job\/verticemall\/wp-content\/uploads\/2020\/11\/rita-10-10-300x300.jpg\" class=\"attachment-medium size-medium wp-image-1050\" alt=\"\" srcset=\"https:\/\/tbweb.com.br\/job\/verticemall\/wp-content\/uploads\/2020\/11\/rita-10-10-300x300.jpg 300w, https:\/\/tbweb.com.br\/job\/verticemall\/wp-content\/uploads\/2020\/11\/rita-10-10-150x150.jpg 150w, https:\/\/tbweb.com.br\/job\/verticemall\/wp-content\/uploads\/2020\/11\/rita-10-10-768x768.jpg 768w, https:\/\/tbweb.com.br\/job\/verticemall\/wp-content\/uploads\/2020\/11\/rita-10-10.jpg 800w\" sizes=\"(max-width: 300px) 100vw, 300px\" \/><\/div><\/a>\n\t\t\t\t<div class=\"elementor-post__text\">\n\t\t\t\t<h3 class=\"elementor-post__title\">\n\t\t\t<a href=\"https:\/\/tbweb.com.br\/job\/verticemall\/2020\/10\/10\/o-retorno-rita-moreira\/\" >\n\t\t\t\tO retorno: Rita Moreira\t\t\t<\/a>\n\t\t<\/h3>\n\t\t\t\t<\/div>\n\t\t\t\t\t<\/div>\n\t\t<\/article>\n\t\t\t\t<article class=\"elementor-post elementor-grid-item post-578 post type-post status-publish format-standard has-post-thumbnail hentry category-eventos tag-live tag-live-sertanejo tag-rita-moreira tag-rita-moreira-cantora tag-sertanejo tag-sertanejo-universitario tag-show-sertanejo\" role=\"listitem\">\n\t\t\t<div class=\"elementor-post__card\">\n\t\t\t\t<a class=\"elementor-post__thumbnail__link\" href=\"https:\/\/tbweb.com.br\/job\/verticemall\/2020\/05\/23\/live-rita-moreira\/\" tabindex=\"-1\" ><div class=\"elementor-post__thumbnail\"><img loading=\"lazy\" decoding=\"async\" width=\"300\" height=\"300\" src=\"https:\/\/tbweb.com.br\/job\/verticemall\/wp-content\/uploads\/2020\/08\/97884849_278040126706258_5365990159598185672_n-300x300.jpg\" class=\"attachment-medium size-medium wp-image-579\" alt=\"\" srcset=\"https:\/\/tbweb.com.br\/job\/verticemall\/wp-content\/uploads\/2020\/08\/97884849_278040126706258_5365990159598185672_n-300x300.jpg 300w, https:\/\/tbweb.com.br\/job\/verticemall\/wp-content\/uploads\/2020\/08\/97884849_278040126706258_5365990159598185672_n-1024x1024.jpg 1024w, https:\/\/tbweb.com.br\/job\/verticemall\/wp-content\/uploads\/2020\/08\/97884849_278040126706258_5365990159598185672_n-150x150.jpg 150w, https:\/\/tbweb.com.br\/job\/verticemall\/wp-content\/uploads\/2020\/08\/97884849_278040126706258_5365990159598185672_n-768x768.jpg 768w, https:\/\/tbweb.com.br\/job\/verticemall\/wp-content\/uploads\/2020\/08\/97884849_278040126706258_5365990159598185672_n-350x350.jpg 350w, https:\/\/tbweb.com.br\/job\/verticemall\/wp-content\/uploads\/2020\/08\/97884849_278040126706258_5365990159598185672_n.jpg 1080w\" sizes=\"(max-width: 300px) 100vw, 300px\" \/><\/div><\/a>\n\t\t\t\t<div class=\"elementor-post__text\">\n\t\t\t\t<h3 class=\"elementor-post__title\">\n\t\t\t<a href=\"https:\/\/tbweb.com.br\/job\/verticemall\/2020\/05\/23\/live-rita-moreira\/\" >\n\t\t\t\tLIVE: Rita Moreira\t\t\t<\/a>\n\t\t<\/h3>\n\t\t\t\t<\/div>\n\t\t\t\t\t<\/div>\n\t\t<\/article>\n\t\t\t\t<\/div>\n\t\t\n\t\t\t\t\t\t<\/div>\n\t\t\t\t<\/div>\n\t\t\t\t\t<\/div>\n\t\t<\/div>\n\t\t\t\t\t<\/div>\n\t\t<\/section>\n\t\t\t\t<section class=\"elementor-section elementor-top-section elementor-element elementor-element-a2acab7 elementor-section-stretched elementor-section-full_width elementor-section-height-default elementor-section-height-default\" data-id=\"a2acab7\" data-element_type=\"section\" data-settings=\"{&quot;stretch_section&quot;:&quot;section-stretched&quot;}\">\n\t\t\t\t\t\t<div class=\"elementor-container elementor-column-gap-no\">\n\t\t\t\t\t<div class=\"elementor-column elementor-col-100 elementor-top-column elementor-element elementor-element-f2e0b21\" data-id=\"f2e0b21\" data-element_type=\"column\">\n\t\t\t<div class=\"elementor-widget-wrap elementor-element-populated\">\n\t\t\t\t\t\t<div class=\"elementor-element elementor-element-230d9ee elementor-invisible elementor-widget elementor-widget-image\" data-id=\"230d9ee\" data-element_type=\"widget\" data-settings=\"{&quot;_animation&quot;:&quot;zoomIn&quot;}\" data-widget_type=\"image.default\">\n\t\t\t\t<div class=\"elementor-widget-container\">\n\t\t\t\t\t\t\t\t\t\t\t\t\t\t\t\t<a href=\"https:\/\/tbweb.com.br\/job\/verticemall\/wp-content\/uploads\/2020\/08\/vertice_mapa_site-1024x297-1.jpg\" data-elementor-open-lightbox=\"yes\" data-elementor-lightbox-title=\"vertice_mapa_site-1024x297\" data-e-action-hash=\"#elementor-action%3Aaction%3Dlightbox%26settings%3DeyJpZCI6NDgsInVybCI6Imh0dHBzOlwvXC90YndlYi5jb20uYnJcL2pvYlwvdmVydGljZW1hbGxcL3dwLWNvbnRlbnRcL3VwbG9hZHNcLzIwMjBcLzA4XC92ZXJ0aWNlX21hcGFfc2l0ZS0xMDI0eDI5Ny0xLmpwZyJ9\">\n\t\t\t\t\t\t\t<img loading=\"lazy\" decoding=\"async\" width=\"1024\" height=\"297\" src=\"https:\/\/tbweb.com.br\/job\/verticemall\/wp-content\/uploads\/2020\/08\/vertice_mapa_site-1024x297-1.jpg\" class=\"attachment-large size-large wp-image-48\" alt=\"\" srcset=\"https:\/\/tbweb.com.br\/job\/verticemall\/wp-content\/uploads\/2020\/08\/vertice_mapa_site-1024x297-1.jpg 1024w, https:\/\/tbweb.com.br\/job\/verticemall\/wp-content\/uploads\/2020\/08\/vertice_mapa_site-1024x297-1-300x87.jpg 300w, https:\/\/tbweb.com.br\/job\/verticemall\/wp-content\/uploads\/2020\/08\/vertice_mapa_site-1024x297-1-768x223.jpg 768w\" sizes=\"(max-width: 1024px) 100vw, 1024px\" \/>\t\t\t\t\t\t\t\t<\/a>\n\t\t\t\t\t\t\t\t\t\t\t\t\t\t\t<\/div>\n\t\t\t\t<\/div>\n\t\t\t\t\t<\/div>\n\t\t<\/div>\n\t\t\t\t\t<\/div>\n\t\t<\/section>\n\t\t\t\t<\/div>\n\t\t","protected":false},"excerpt":{"rendered":"<p>eventos Aqui voc\u00ea encontra os eventos para voc\u00ea e sua fam\u00edlia se divertirem.Confira nossa programa\u00e7\u00e3o!<\/p>\n","protected":false},"author":1,"featured_media":0,"parent":0,"menu_order":0,"comment_status":"closed","ping_status":"closed","template":"","meta":{"site-sidebar-layout":"no-sidebar","site-content-layout":"page-builder","ast-site-content-layout":"default","site-content-style":"default","site-sidebar-style":"default","ast-global-header-display":"","ast-banner-title-visibility":"","ast-main-header-display":"","ast-hfb-above-header-display":"","ast-hfb-below-header-display":"","ast-hfb-mobile-header-display":"","site-post-title":"disabled","ast-breadcrumbs-content":"","ast-featured-img":"disabled","footer-sml-layout":"","theme-transparent-header-meta":"default","adv-header-id-meta":"","stick-header-meta":"","header-above-stick-meta":"","header-main-stick-meta":"","header-below-stick-meta":"","astra-migrate-meta-layouts":"default","ast-page-background-enabled":"default","ast-page-background-meta":{"desktop":{"background-color":"var(--ast-global-color-4)","background-image":"","background-repeat":"repeat","background-position":"center center","background-size":"auto","background-attachment":"scroll","background-type":"","background-media":"","overlay-type":"","overlay-color":"","overlay-opacity":"","overlay-gradient":""},"tablet":{"background-color":"","background-image":"","background-repeat":"repeat","background-position":"center center","background-size":"auto","background-attachment":"scroll","background-type":"","background-media":"","overlay-type":"","overlay-color":"","overlay-opacity":"","overlay-gradient":""},"mobile":{"background-color":"","background-image":"","background-repeat":"repeat","background-position":"center center","background-size":"auto","background-attachment":"scroll","background-type":"","background-media":"","overlay-type":"","overlay-color":"","overlay-opacity":"","overlay-gradient":""}},"ast-content-background-meta":{"desktop":{"background-color":"var(--ast-global-color-5)","background-image":"","background-repeat":"repeat","background-position":"center center","background-size":"auto","background-attachment":"scroll","background-type":"","background-media":"","overlay-type":"","overlay-color":"","overlay-opacity":"","overlay-gradient":""},"tablet":{"background-color":"var(--ast-global-color-5)","background-image":"","background-repeat":"repeat","background-position":"center center","background-size":"auto","background-attachment":"scroll","background-type":"","background-media":"","overlay-type":"","overlay-color":"","overlay-opacity":"","overlay-gradient":""},"mobile":{"background-color":"var(--ast-global-color-5)","background-image":"","background-repeat":"repeat","background-position":"center center","background-size":"auto","background-attachment":"scroll","background-type":"","background-media":"","overlay-type":"","overlay-color":"","overlay-opacity":"","overlay-gradient":""}},"footnotes":""},"class_list":["post-20","page","type-page","status-publish","hentry"],"_links":{"self":[{"href":"https:\/\/tbweb.com.br\/job\/verticemall\/wp-json\/wp\/v2\/pages\/20","targetHints":{"allow":["GET"]}}],"collection":[{"href":"https:\/\/tbweb.com.br\/job\/verticemall\/wp-json\/wp\/v2\/pages"}],"about":[{"href":"https:\/\/tbweb.com.br\/job\/verticemall\/wp-json\/wp\/v2\/types\/page"}],"author":[{"embeddable":true,"href":"https:\/\/tbweb.com.br\/job\/verticemall\/wp-json\/wp\/v2\/users\/1"}],"replies":[{"embeddable":true,"href":"https:\/\/tbweb.com.br\/job\/verticemall\/wp-json\/wp\/v2\/comments?post=20"}],"version-history":[{"count":13,"href":"https:\/\/tbweb.com.br\/job\/verticemall\/wp-json\/wp\/v2\/pages\/20\/revisions"}],"predecessor-version":[{"id":1109,"href":"https:\/\/tbweb.com.br\/job\/verticemall\/wp-json\/wp\/v2\/pages\/20\/revisions\/1109"}],"wp:attachment":[{"href":"https:\/\/tbweb.com.br\/job\/verticemall\/wp-json\/wp\/v2\/media?parent=20"}],"curies":[{"name":"wp","href":"https:\/\/api.w.org\/{rel}","templated":true}]}}